e highest common factor of 19558 and 42?
14
What is the greatest common factor of 15 and 765?
15
Calculate the greatest common factor of 657 and 261.
9
Calculate the greatest common factor of 96 and 20.
4
What is the greatest common factor of 305 and 244?
61
What is the highest common divisor of 139 and 2641?
139
Calculate the greatest common factor of 462 and 30.
6
Calculate the highest common factor of 15 and 27.
3
What is the highest common factor of 69 and 21?
3
What is the highest common divisor of 4248 and 3?
3
Calculate the greatest common factor of 30 and 4.
2
What is the highest common divisor of 95 and 15?
5
What is the greatest common factor of 54 and 6318?
54
Calculate the highest common factor of 1656 and 72.
72
Calculate the greatest common divisor of 884 and 612.
68
Calculate the highest common factor of 261 and 9.
9
Calculate the highest common divisor of 448 and 6496.
224
What is the greatest common divisor of 1095 and 73?
73
Calculate the highest common factor of 9379 and 226.
113
Calculate the highest common factor of 540 and 18180.
180
Calculate the highest common divisor of 2875 and 500.
125
What is the greatest common factor of 21 and 12?
3
Calculate the highest common factor of 11 and 517.
11
What is the highest common divisor of 102 and 374?
34
Calculate the greatest common divisor of 69 and 23.
23
Calculate the highest common divisor of 74 and 5476.
74
Calculate the greatest common factor of 96 and 1824.
96
Calculate the greatest common factor of 195 and 429.
39
Calculate the greatest common factor of 850 and 68.
34
What is the highest common factor of 704 and 40?
8
What is the highest common divisor of 400 and 160?
80
Calculate the highest common divisor of 338 and 52.
26
Calculate the highest common divisor of 1330 and 210.
70
What is the greatest common factor of 504 and 3708?
36
What is the greatest common divisor of 133 and 228?
19
What is the highest common divisor of 216 and 1404?
108
Calculate the highest common factor of 2438 and 667.
23
Calculate the highest common factor of 4161 and 57.
57
Calculate the greatest common divisor of 3 and 3.
3
What is the highest common factor of 90 and 11990?
10
Calculate the greatest common divisor of 26173 and 14.
7
What is the greatest common divisor of 540 and 225?
45
Calculate the highest common divisor of 297 and 99.
99
What is the highest common factor of 405 and 45?
45
Calculate the highest common factor of 35265 and 15.
15
Calculate the greatest common factor of 9600 and 18.
6
What is the greatest common factor of 1920 and 72?
24
What is the highest common factor of 6232 and 2624?
328
Calculate the greatest common divisor of 1017 and 452.
113
What is the greatest common divisor of 22 and 3949?
11
Calculate the highest common factor of 66 and 2090.
22
Calculate the greatest common divisor of 114 and 76.
38
What is the greatest common divisor of 24 and 5136?
24
What is the highest common factor of 77 and 2497?
11
Calculate the highest common factor of 522 and 116.
58
Calculate the greatest common divisor of 14 and 35.
7
Calculate the highest common factor of 8525 and 341.
341
Calculate the greatest common divisor of 196 and 140.
28
Calculate the greatest common factor of 3627 and 1989.
117
Calculate the greatest common factor of 14 and 1001.
7
What is the greatest common divisor of 323 and 57?
19
What is the highest common factor of 272 and 85?
17
Calculate the highest common factor of 238 and 1064.
14
Calculate the highest common factor of 1056 and 66.
66
Calculate the greatest common divisor of 232 and 9802.
58
Calculate the highest common divisor of 30 and 78.
6
Calculate the greatest common factor of 867 and 510.
51
What is the highest common factor of 272 and 578?
34
What is the greatest common factor of 250 and 70?
10
What is the highest common factor of 93 and 6?
3
Calculate the greatest common divisor of 306 and 72.
18
Calculate the greatest common divisor of 3514 and 14.
14
Calculate the highest common divisor of 155 and 80.
5
What is the highest common divisor of 56 and 48?
8
Calculate the highest common factor of 2796 and 12.
12
What is the highest common divisor of 7 and 287?
7
Calculate the highest common factor of 200 and 104.
8
What is the highest common divisor of 51 and 27?
3
What is the greatest common divisor of 261 and 928?
29
Calculate the greatest common divisor of 3212 and 77.
11
Calculate the highest common divisor of 710 and 130.
10
Calculate the greatest common factor of 11130 and 350.
70
What is the greatest common factor of 1262 and 2?
2
Calculate the greatest common factor of 14 and 512.
2
Calculate the highest common divisor of 630 and 14.
14
What is the greatest common divisor of 84 and 651?
21
What is the highest common factor of 34780 and 10?
10
Calculate the greatest common divisor of 63 and 9597.
21
What is the greatest common factor of 265 and 159?
53
What is the highest common factor of 2128 and 456?
152
Calculate the greatest common factor of 1128 and 48.
24
Calculate the greatest common factor of 185 and 296.
37
What is the greatest common divisor of 11 and 205?
1
What is the greatest common factor of 637 and 156?
13
What is the greatest common factor of 492 and 144?
12
What is the greatest common divisor of 5461 and 387?
43
What is the greatest common factor of 360 and 390?
30
Calculate the greatest common factor of 78 and 4173.
39
Calculate the highest common divisor of 371 and 28.
7
Calculate the highest common divisor of 416 and 546.
26
Calculate the highest common factor of 128 and 224.
32
What is the greatest common factor of 1975 and 75?
25
Calculate the highest common factor of 21 and 2037.
21
What is the greatest common factor of 1118 and 78?
26
What is the greatest common divisor of 4 and 964?
4
What is the greatest common divisor of 152 and 2014?
38
Calculate the highest common factor of 3642 and 12.
6
Calculate the highest common factor of 112 and 14.
14
Calculate the greatest common factor of 84 and 42.
42
Calculate the greatest common factor of 146 and 1241.
73
What is the greatest common divisor of 5 and 1280?
5
Calculate the highest common divisor of 40 and 580.
20
Calculate the highest common divisor of 5909 and 38.
19
What is the highest common factor of 2296 and 672?
56
What is the highest common divisor of 140 and 400?
20
Calculate the highest common divisor of 8531 and 57.
19
Calculate the greatest common divisor of 4 and 26.
2
Calculate the greatest common divisor of 50 and 21550.
50
What is the greatest common factor of 4 and 188?
4
What is the greatest common divisor of 344 and 8?
8
What is the greatest common factor of 6 and 1914?
6
Calculate the greatest common factor of 9882 and 162.
162
Calculate the greatest common divisor of 1260 and 1140.
60
Calculate the highest common divisor of 24 and 2532.
12
Calculate the highest common factor of 232 and 8.
8
What is the highest common factor of 10426 and 26?
26
What is the highest common factor of 9 and 441?
9
Calculate the highest common factor of 135 and 90.
45
Calculate the highest common divisor of 2004 and 252.
12
Calculate the highest common divisor of 22029 and 21.
21
What is the highest common divisor of 9 and 36?
9
What is the highest common factor of 1820 and 52?
52
Calculate the highest common divisor of 21000 and 125.
125
Calculate the highest common factor of 396 and 44.
44
What is the highest common divisor of 28 and 18998?
14
What is the highest common factor of 735 and 35?
35
What is the highest common factor of 13 and 3991?
13
Calculate the highest common divisor of 1368 and 18.
18
What is the highest common divisor of 57 and 15?
3
Calculate the highest common divisor of 572 and 676.
52
What is the highest common factor of 224 and 144?
16
What is the highest common divisor of 15 and 240?
15
What is the highest common divisor of 221 and 39?
13
Calculate the highest common divisor of 25 and 275.
25
What is the highest common factor of 354 and 15?
3
Calculate the highest common factor of 19 and 1216.
19
Calculate the greatest common divisor of 200 and 325.
25
What is the highest common divisor of 104 and 1170?
26
Calculate the greatest common factor of 6498 and 18.
18
Calculate the highest common factor of 3 and 249.
3
What is the highest comm